{"id":4708,"date":"2021-01-05T11:38:32","date_gmt":"2021-01-05T16:38:32","guid":{"rendered":"https:\/\/stockmusik.com.co\/?post_type=product&#038;p=4708"},"modified":"2022-10-15T11:52:32","modified_gmt":"2022-10-15T16:52:32","slug":"teclado-casio-ct-x5000","status":"publish","type":"product","link":"https:\/\/stockmusik.com.co\/index.php\/producto\/teclado-casio-ct-x5000\/","title":{"rendered":"TECLADO CASIO CT-X5000"},"content":{"rendered":"<table>\n<tbody>\n<tr>\n<th>Teclado<\/th>\n<td>\n<div>61 teclas tama\u00f1o est\u00e1ndar<br \/>\nSensibilidad al tacto: 3 tipos de sensibilidad, desactivada<\/div>\n<\/td>\n<\/tr>\n<tr>\n<th>Polifon\u00eda M\u00e1xima<\/th>\n<td>\n<div>64 notas (32 para determinados tonos)<\/div>\n<\/td>\n<\/tr>\n<tr>\n<th>Tonos<\/th>\n<td>\n<div>Tonos predefinidos: 800<br \/>\nTonos creados por el usuario: 100<br \/>\nOtros: estratificador, divisi\u00f3n (punto de divisi\u00f3n configurable, punto inferior, ajustes de puntos de acordes)<\/div>\n<\/td>\n<\/tr>\n<tr>\n<th>Efectos de sistema<\/th>\n<td>\n<div>Reverberaci\u00f3n: 32 tipos, desactivada<br \/>\nCoro: 16 tipos, tonos<br \/>\nRetardo: 20 tipos, tonos<br \/>\nDSP: 100 tipos (puede aplicarse a tonos creados por el usuario mediante la edici\u00f3n de DSP), tonos de DSP<\/div>\n<\/td>\n<\/tr>\n<tr>\n<th>Efectos maestros<\/th>\n<td>\n<div>Ecualizador (10 ajustes predefinidos)<br \/>\nEcualizador de cuatro bandas para el usuario<\/div>\n<\/td>\n<\/tr>\n<tr>\n<th>Efectos de entrada externa<\/th>\n<td>\n<div>Cancelar centrales (corte vocal) para el conector de entrada de audio<\/div>\n<\/td>\n<\/tr>\n<tr>\n<th>Metr\u00f3nomo<\/th>\n<td>\n<div>Comp\u00e1s: 0 (tono acentuado desactivado), de 1 a 16<br \/>\nTempo: Valor de tempo: de 20 a 255<\/div>\n<\/td>\n<\/tr>\n<tr>\n<th>Canciones de demostraci\u00f3n<\/th>\n<td>\n<div>3<\/div>\n<\/td>\n<\/tr>\n<tr>\n<th>Banco de canciones<\/th>\n<td>\n<div>Canciones integradas: 30<br \/>\nCanciones grabadas por el usuario: 10<br \/>\nCanciones en la memoria USB: se admite la reproducci\u00f3n de archivos MIDI est\u00e1ndar (formato SMF 0\/1) y archivos MIDI CASIO (formato CMF) en una unidad flash USB.<\/div>\n<\/td>\n<\/tr>\n<tr>\n<th>Reproducci\u00f3n de audio USB<\/th>\n<td>\n<div>Se admite la reproducci\u00f3n de archivos de audio en una unidad flash USB.<br \/>\nFormatos de archivo compatibles: formato WAV, 44,1\u00a0kHz y 16\u00a0bits<br \/>\nOtras funciones: cancelar centrales (corte vocal)<\/div>\n<\/td>\n<\/tr>\n<tr>\n<th>Acompa\u00f1amiento autom\u00e1tico<\/th>\n<td>\n<div>Ritmos integrados: 235<br \/>\nRitmos creados por el usuario: 100<br \/>\nAjustes predefinidos con un solo bot\u00f3n: 235<\/div>\n<\/td>\n<\/tr>\n<tr>\n<th>Preajustes musicales<\/th>\n<td>\n<div>310 (con progresiones de acordes)<\/div>\n<\/td>\n<\/tr>\n<tr>\n<th>Pulsadores de frase<\/th>\n<td>\n<div>N\u00famero de pulsadores: 4<br \/>\nFrases de usuario: 100 (4 frases por 25 pulsadores)<br \/>\nModo de edici\u00f3n: copiar, eliminar, editar frase<\/div>\n<\/td>\n<\/tr>\n<tr>\n<th>Funci\u00f3n de mezclador<\/th>\n<td>\n<div>Partes afectadas: partes de la fuente de sonido, parte de entrada del micr\u00f3fono<br \/>\nPar\u00e1metros: activaci\u00f3n\/desactivaci\u00f3n de partes, volumen, panor\u00e1mico, env\u00edo de reverberaci\u00f3n, env\u00edo de coro, env\u00edo de retardo<\/div>\n<\/td>\n<\/tr>\n<tr>\n<th>Registro<\/th>\n<td>\n<div>M\u00e1ximo de 128 configuraciones (8 configuraciones por 16 bancos), secuencia de registro<\/div>\n<\/td>\n<\/tr>\n<tr>\n<th>Edici\u00f3n de tonos<\/th>\n<td>\n<div>Edici\u00f3n de tono predefinido, edici\u00f3n de DSP<br \/>\nMemoria para el almacenamiento de tonos editados (hasta 100)<\/div>\n<\/td>\n<\/tr>\n<tr>\n<th>Edici\u00f3n de ritmos<\/th>\n<td>\n<div>Creaci\u00f3n de nuevos ritmos, edici\u00f3n de ritmos<br \/>\nMemoria para el almacenamiento de ritmos creados\/editados (hasta 100)<\/div>\n<\/td>\n<\/tr>\n<tr>\n<th>Grabador MIDI<\/th>\n<td>\n<div>Grabaci\u00f3n en tiempo real, reproducci\u00f3n<br \/>\nGrabaci\u00f3n de presentaciones del teclado: 10 canciones, 17 pistas (1 pista del sistema, 16 pistas de solista)<br \/>\nCapacidad de memoria: Aproximadamente 40.000 notas (por canci\u00f3n)<br \/>\nModo de edici\u00f3n: Edici\u00f3n de canciones, edici\u00f3n de pistas, edici\u00f3n de eventos, entrada de etapas<br \/>\nOtras funciones: Mezcla de pistas, inicio de grabaci\u00f3n<\/div>\n<\/td>\n<\/tr>\n<tr>\n<th>Pedales<\/th>\n<td>\n<div>Sostenido, sostenuto, suave, ritmo\/canci\u00f3n, expresi\u00f3n<\/div>\n<\/td>\n<\/tr>\n<tr>\n<th>Controles<\/th>\n<td>\n<div>Rueda de inflexi\u00f3n de tonos, bot\u00f3n de SOSTENIDO, bot\u00f3n de PORTAMENTO, bot\u00f3n de MODULACI\u00d3N\/ASIGNABLE<\/div>\n<\/td>\n<\/tr>\n<tr>\n<th>Otras funciones<\/th>\n<td>\n<div>Transposici\u00f3n: \u00b11 octavas (\u201312 a 0 a +12 semitonos)<br \/>\nCambio de octava: superior 1\/superior 2\/inferior 1\/inferior 2, \u00b13 octavas<br \/>\nAjuste de sonido: A4 = de 415,5 a 465,9\u00a0Hz (ajuste predeterminado inicial: 440\u00a0Hz)<br \/>\nAfinaci\u00f3n tosca de pieza: para cada pieza del teclado, \u00b12 octavas (de -24 a 0 a +24 semitonos)<br \/>\nAfinaci\u00f3n sutil de pieza: para cada pieza del teclado, \u00b199 cent\u00e9simas<br \/>\nEscalas: 17 escalas predefinidas, afinamiento sutil de escala<br \/>\nArmonizaci\u00f3n autom\u00e1tica: 12 tipos<br \/>\nControl de arpegio: 150 tipos<\/div>\n<\/td>\n<\/tr>\n<tr>\n<th>MIDI<\/th>\n<td>\n<div>Recepci\u00f3n de timbres m\u00faltiples de 16 canales, nivel 1 de GM est\u00e1ndar<\/div>\n<\/td>\n<\/tr>\n<tr>\n<th>Entradas\/salidas<\/th>\n<td>\n<div>Puerto para unidades flash USB: Tipo A<br \/>\nPuerto USB: Tipo B<br \/>\nConector para pedal 1: Conector est\u00e1ndar<br \/>\nConector de expresi\u00f3n para pedal 2: Conector est\u00e1ndar<br \/>\nConector de aud\u00edfonos: Conector est\u00e9reo est\u00e1ndar<br \/>\nConector de entrada de audio: Miniconector est\u00e9reo\/impedancia de entrada 9\u00a0k\u03a9, sensibilidad de entrada de 200\u00a0mV<br \/>\nConector de salida: dos conectores de salida\/impedancia de salida de 2,3\u00a0k\u03a9, voltaje de salida de 1,9\u00a0V (RMS) M\u00c1X.<br \/>\nConector de entrada de micr\u00f3fono: conector est\u00e1ndar (conecta un micr\u00f3fono din\u00e1mico)\/ impedancia de entrada de 3\u00a0k\u03a9, sensibilidad de entrada de 10\u00a0mV<\/div>\n<\/td>\n<\/tr>\n<tr>\n<th>Conector de alimentaci\u00f3n<\/th>\n<td>\n<div>24V CC<\/div>\n<\/td>\n<\/tr>\n<tr>\n<th>Fuente de alimentaci\u00f3n<\/th>\n<td>\n<div>Solo para el adaptador de CA<br \/>\nAdaptador de CA: AD-E24250LW<br \/>\nApagado autom\u00e1tico: aproximadamente 30\u00a0minutos despu\u00e9s de la \u00faltima operaci\u00f3n; puede desactivarse.<\/div>\n<\/td>\n<\/tr>\n<tr>\n<th>Parlantes<\/th>\n<td>\n<div>2 de 10cm (salida: 15W\u00a0+\u00a015W)<\/div>\n<\/td>\n<\/tr>\n<tr>\n<th>Consumo de energ\u00eda<\/th>\n<td>\n<div>15 W<\/div>\n<\/td>\n<\/tr>\n<tr>\n<th>Dimensiones<\/th>\n<td>\n<div>Anch.\u00a094,8\u00a0\u00d7\u00a0Prof.\u00a038,4\u00a0\u00d7\u00a0Alt.\u00a011,6 cm<\/div>\n<\/td>\n<\/tr>\n<tr>\n<th>Peso<\/th>\n<td>\n<div>Aproximadamente 7.0 kg<\/div>\n<\/td>\n<\/tr>\n<\/tbody>\n<\/table>\n","protected":false},"excerpt":{"rendered":"<p>El incre\u00edble teclado CASIO CT-X5000 incluye la fuente de sonido AiX, que puede producir una amplia gama de calidades de sonido, desde tonos graves potentes hasta tonos agudos n\u00edtidos. Presenta un amplificador de 15 W + 15 W de \u00f3ptima potencia, cuenta con 61 teclas con sensibilidad al tacto, 64 polifon\u00edas, 800 tonos y 235 ritmos.<\/p>\n","protected":false},"featured_media":4710,"comment_status":"open","ping_status":"closed","template":"","meta":{"_jet_sm_ready_style":"","_jet_sm_style":"","_jet_sm_controls_values":"","_jet_sm_fonts_collection":"","_jet_sm_fonts_links":""},"pwb-brand":[32],"product_brand":[],"product_cat":[192],"product_tag":[],"class_list":{"0":"post-4708","1":"product","2":"type-product","3":"status-publish","4":"has-post-thumbnail","6":"pwb-brand-casio","7":"product_cat-organeta","9":"first","10":"instock","11":"shipping-taxable","12":"purchasable","13":"product-type-simple"},"yoast_head":"<!-- This site is optimized with the Yoast SEO plugin v19.11 - https:\/\/yoast.com\/wordpress\/plugins\/seo\/ -->\n<title>TECLADO CASIO CT-X5000 - Stock Musik<\/title>\n<meta name=\"robots\" content=\"index, follow, max-snippet:-1, max-image-preview:large, max-video-preview:-1\" \/>\n<link rel=\"canonical\" href=\"https:\/\/stockmusik.com.co\/index.php\/producto\/teclado-casio-ct-x5000\/\" \/>\n<meta property=\"og:locale\" content=\"es_ES\" \/>\n<meta property=\"og:type\" content=\"article\" \/>\n<meta property=\"og:title\" content=\"TECLADO CASIO CT-X5000 - Stock Musik\" \/>\n<meta property=\"og:description\" content=\"El incre\u00edble teclado CASIO CT-X5000 incluye la fuente de sonido AiX, que puede producir una amplia gama de calidades de sonido, desde tonos graves potentes hasta tonos agudos n\u00edtidos. Presenta un amplificador de 15 W + 15 W de \u00f3ptima potencia, cuenta con 61 teclas con sensibilidad al tacto, 64 polifon\u00edas, 800 tonos y 235 ritmos.\" \/>\n<meta property=\"og:url\" content=\"https:\/\/stockmusik.com.co\/index.php\/producto\/teclado-casio-ct-x5000\/\" \/>\n<meta property=\"og:site_name\" content=\"Stock Musik\" \/>\n<meta property=\"article:publisher\" content=\"https:\/\/es-la.facebook.com\/stockmusik\/\" \/>\n<meta property=\"article:modified_time\" content=\"2022-10-15T16:52:32+00:00\" \/>\n<meta property=\"og:image\" content=\"https:\/\/stockmusik.com.co\/wp-content\/uploads\/2021\/01\/TECLADO-CASIO-CT-X5000.png\" \/>\n\t<meta property=\"og:image:width\" content=\"1200\" \/>\n\t<meta property=\"og:image:height\" content=\"600\" \/>\n\t<meta property=\"og:image:type\" content=\"image\/png\" \/>\n<meta name=\"twitter:card\" content=\"summary_large_image\" \/>\n<meta name=\"twitter:label1\" content=\"Precio\" \/>\n\t<meta name=\"twitter:data1\" content=\"Cotiza por Whatsapp\" \/>\n\t<meta name=\"twitter:label2\" content=\"Availability\" \/>\n\t<meta name=\"twitter:data2\" content=\"In stock\" \/>\n<script type=\"application\/ld+json\" class=\"yoast-schema-graph\">{\"@context\":\"https:\/\/schema.org\",\"@graph\":[{\"@type\":\"WebPage\",\"@id\":\"https:\/\/stockmusik.com.co\/index.php\/producto\/teclado-casio-ct-x5000\/\",\"url\":\"https:\/\/stockmusik.com.co\/index.php\/producto\/teclado-casio-ct-x5000\/\",\"name\":\"TECLADO CASIO CT-X5000 - Stock Musik\",\"isPartOf\":{\"@id\":\"https:\/\/stockmusik.com.co\/#website\"},\"datePublished\":\"2021-01-05T16:38:32+00:00\",\"dateModified\":\"2022-10-15T16:52:32+00:00\",\"breadcrumb\":{\"@id\":\"https:\/\/stockmusik.com.co\/index.php\/producto\/teclado-casio-ct-x5000\/#breadcrumb\"},\"inLanguage\":\"es\",\"potentialAction\":[{\"@type\":\"ReadAction\",\"target\":[\"https:\/\/stockmusik.com.co\/index.php\/producto\/teclado-casio-ct-x5000\/\"]}]},{\"@type\":\"BreadcrumbList\",\"@id\":\"https:\/\/stockmusik.com.co\/index.php\/producto\/teclado-casio-ct-x5000\/#breadcrumb\",\"itemListElement\":[{\"@type\":\"ListItem\",\"position\":1,\"name\":\"Portada\",\"item\":\"https:\/\/stockmusik.com.co\/\"},{\"@type\":\"ListItem\",\"position\":2,\"name\":\"Tienda StockMusik\",\"item\":\"https:\/\/stockmusik.com.co\/index.php\/tienda-stockmusik\/\"},{\"@type\":\"ListItem\",\"position\":3,\"name\":\"TECLADO CASIO CT-X5000\"}]},{\"@type\":\"WebSite\",\"@id\":\"https:\/\/stockmusik.com.co\/#website\",\"url\":\"https:\/\/stockmusik.com.co\/\",\"name\":\"Stock Musik\",\"description\":\"Tienda de Instrumentos Musicales\",\"publisher\":{\"@id\":\"https:\/\/stockmusik.com.co\/#organization\"},\"potentialAction\":[{\"@type\":\"SearchAction\",\"target\":{\"@type\":\"EntryPoint\",\"urlTemplate\":\"https:\/\/stockmusik.com.co\/?s={search_term_string}\"},\"query-input\":\"required name=search_term_string\"}],\"inLanguage\":\"es\"},{\"@type\":\"Organization\",\"@id\":\"https:\/\/stockmusik.com.co\/#organization\",\"name\":\"Stock Musik\",\"url\":\"https:\/\/stockmusik.com.co\/\",\"logo\":{\"@type\":\"ImageObject\",\"inLanguage\":\"es\",\"@id\":\"https:\/\/stockmusik.com.co\/#\/schema\/logo\/image\/\",\"url\":\"https:\/\/stockmusik.com.co\/wp-content\/uploads\/2020\/08\/cropped-logo_stock_musik.png\",\"contentUrl\":\"https:\/\/stockmusik.com.co\/wp-content\/uploads\/2020\/08\/cropped-logo_stock_musik.png\",\"width\":455,\"height\":173,\"caption\":\"Stock Musik\"},\"image\":{\"@id\":\"https:\/\/stockmusik.com.co\/#\/schema\/logo\/image\/\"},\"sameAs\":[\"https:\/\/es-la.facebook.com\/stockmusik\/\"]}]}<\/script>\n<meta property=\"product:price:amount\" content=\"2190000\" \/>\n<meta property=\"product:price:currency\" content=\"COP\" \/>\n<meta property=\"og:availability\" content=\"instock\" \/>\n<meta property=\"product:availability\" content=\"instock\" \/>\n<meta property=\"product:retailer_item_id\" content=\"01858\" \/>\n<meta property=\"product:condition\" content=\"new\" \/>\n<!-- \/ Yoast SEO plugin. -->","yoast_head_json":{"title":"TECLADO CASIO CT-X5000 - Stock Musik","robots":{"index":"index","follow":"follow","max-snippet":"max-snippet:-1","max-image-preview":"max-image-preview:large","max-video-preview":"max-video-preview:-1"},"canonical":"https:\/\/stockmusik.com.co\/index.php\/producto\/teclado-casio-ct-x5000\/","og_locale":"es_ES","og_type":"article","og_title":"TECLADO CASIO CT-X5000 - Stock Musik","og_description":"El incre\u00edble teclado CASIO CT-X5000 incluye la fuente de sonido AiX, que puede producir una amplia gama de calidades de sonido, desde tonos graves potentes hasta tonos agudos n\u00edtidos. Presenta un amplificador de 15 W + 15 W de \u00f3ptima potencia, cuenta con 61 teclas con sensibilidad al tacto, 64 polifon\u00edas, 800 tonos y 235 ritmos.","og_url":"https:\/\/stockmusik.com.co\/index.php\/producto\/teclado-casio-ct-x5000\/","og_site_name":"Stock Musik","article_publisher":"https:\/\/es-la.facebook.com\/stockmusik\/","article_modified_time":"2022-10-15T16:52:32+00:00","og_image":[{"width":1200,"height":600,"url":"https:\/\/stockmusik.com.co\/wp-content\/uploads\/2021\/01\/TECLADO-CASIO-CT-X5000.png","type":"image\/png"}],"twitter_card":"summary_large_image","twitter_misc":{"Precio":"Cotiza por Whatsapp","Availability":"In stock"},"schema":{"@context":"https:\/\/schema.org","@graph":[{"@type":"WebPage","@id":"https:\/\/stockmusik.com.co\/index.php\/producto\/teclado-casio-ct-x5000\/","url":"https:\/\/stockmusik.com.co\/index.php\/producto\/teclado-casio-ct-x5000\/","name":"TECLADO CASIO CT-X5000 - Stock Musik","isPartOf":{"@id":"https:\/\/stockmusik.com.co\/#website"},"datePublished":"2021-01-05T16:38:32+00:00","dateModified":"2022-10-15T16:52:32+00:00","breadcrumb":{"@id":"https:\/\/stockmusik.com.co\/index.php\/producto\/teclado-casio-ct-x5000\/#breadcrumb"},"inLanguage":"es","potentialAction":[{"@type":"ReadAction","target":["https:\/\/stockmusik.com.co\/index.php\/producto\/teclado-casio-ct-x5000\/"]}]},{"@type":"BreadcrumbList","@id":"https:\/\/stockmusik.com.co\/index.php\/producto\/teclado-casio-ct-x5000\/#breadcrumb","itemListElement":[{"@type":"ListItem","position":1,"name":"Portada","item":"https:\/\/stockmusik.com.co\/"},{"@type":"ListItem","position":2,"name":"Tienda StockMusik","item":"https:\/\/stockmusik.com.co\/index.php\/tienda-stockmusik\/"},{"@type":"ListItem","position":3,"name":"TECLADO CASIO CT-X5000"}]},{"@type":"WebSite","@id":"https:\/\/stockmusik.com.co\/#website","url":"https:\/\/stockmusik.com.co\/","name":"Stock Musik","description":"Tienda de Instrumentos Musicales","publisher":{"@id":"https:\/\/stockmusik.com.co\/#organization"},"potentialAction":[{"@type":"SearchAction","target":{"@type":"EntryPoint","urlTemplate":"https:\/\/stockmusik.com.co\/?s={search_term_string}"},"query-input":"required name=search_term_string"}],"inLanguage":"es"},{"@type":"Organization","@id":"https:\/\/stockmusik.com.co\/#organization","name":"Stock Musik","url":"https:\/\/stockmusik.com.co\/","logo":{"@type":"ImageObject","inLanguage":"es","@id":"https:\/\/stockmusik.com.co\/#\/schema\/logo\/image\/","url":"https:\/\/stockmusik.com.co\/wp-content\/uploads\/2020\/08\/cropped-logo_stock_musik.png","contentUrl":"https:\/\/stockmusik.com.co\/wp-content\/uploads\/2020\/08\/cropped-logo_stock_musik.png","width":455,"height":173,"caption":"Stock Musik"},"image":{"@id":"https:\/\/stockmusik.com.co\/#\/schema\/logo\/image\/"},"sameAs":["https:\/\/es-la.facebook.com\/stockmusik\/"]}]},"product_price_amount":"2190000","product_price_currency":"COP","og_availability":"instock","product_availability":"instock","product_retailer_item_id":"01858","product_condition":"new"},"brands":[{"id":32,"name":"CASIO","slug":"casio"}],"_links":{"self":[{"href":"https:\/\/stockmusik.com.co\/index.php\/wp-json\/wp\/v2\/product\/4708","targetHints":{"allow":["GET"]}}],"collection":[{"href":"https:\/\/stockmusik.com.co\/index.php\/wp-json\/wp\/v2\/product"}],"about":[{"href":"https:\/\/stockmusik.com.co\/index.php\/wp-json\/wp\/v2\/types\/product"}],"replies":[{"embeddable":true,"href":"https:\/\/stockmusik.com.co\/index.php\/wp-json\/wp\/v2\/comments?post=4708"}],"wp:featuredmedia":[{"embeddable":true,"href":"https:\/\/stockmusik.com.co\/index.php\/wp-json\/wp\/v2\/media\/4710"}],"wp:attachment":[{"href":"https:\/\/stockmusik.com.co\/index.php\/wp-json\/wp\/v2\/media?parent=4708"}],"wp:term":[{"taxonomy":"pwb-brand","embeddable":true,"href":"https:\/\/stockmusik.com.co\/index.php\/wp-json\/wp\/v2\/pwb-brand?post=4708"},{"taxonomy":"product_brand","embeddable":true,"href":"https:\/\/stockmusik.com.co\/index.php\/wp-json\/wp\/v2\/product_brand?post=4708"},{"taxonomy":"product_cat","embeddable":true,"href":"https:\/\/stockmusik.com.co\/index.php\/wp-json\/wp\/v2\/product_cat?post=4708"},{"taxonomy":"product_tag","embeddable":true,"href":"https:\/\/stockmusik.com.co\/index.php\/wp-json\/wp\/v2\/product_tag?post=4708"}],"curies":[{"name":"wp","href":"https:\/\/api.w.org\/{rel}","templated":true}]}}