{"id":2908,"date":"2020-09-16T17:47:39","date_gmt":"2020-09-16T22:47:39","guid":{"rendered":"https:\/\/stockmusik.com.co\/index.php\/producto\/ukelele-diamonhead-du-200\/"},"modified":"2020-10-26T11:14:40","modified_gmt":"2020-10-26T16:14:40","slug":"ukelele-diamonhead-du-200","status":"publish","type":"product","link":"https:\/\/stockmusik.com.co\/index.php\/producto\/ukelele-diamonhead-du-200\/","title":{"rendered":"UKELELE DIAMONHEAD DU-200"},"content":{"rendered":"<ul>\n<li>Cuerpo y cuello de caoba.<\/li>\n<li>Diapas\u00f3n de palisandro y puente con puntos de pl\u00e1stico MOP<\/li>\n<li>Precisi\u00f3n de engranaje de 14: 1, afinadores estilo guitarra chapados en oro con botones de pl\u00e1stico negro<\/li>\n<li>Tuerca y montura de pl\u00e1stico negra<\/li>\n<li>Caoba natural, acabado en poliuretano.<\/li>\n<li>Longitud de escala: concierto (375 mm)<\/li>\n<\/ul>\n","protected":false},"excerpt":{"rendered":"<p>El ukelele de concierto Diamond Head DU-200C est\u00e1 cuidadosamente hecho a mano de caoba selecta y combinado con un puente y diapas\u00f3n de palo de rosa para un sonido conmovedor y excelente jugabilidad. La afinaci\u00f3n es f\u00e1cil con m\u00e1quinas de afinaci\u00f3n confiables al estilo de la guitarra que son perfectas para el principiante o el jugador avanzado. Complementados con trastes perfectamente vestidos, cuerdas de calidad y una configuraci\u00f3n profesional, estos Diamond Head Ukes son una gran oferta.<\/p>\n","protected":false},"featured_media":4513,"comment_status":"open","ping_status":"closed","template":"","meta":{"_jet_sm_ready_style":"","_jet_sm_style":"","_jet_sm_controls_values":"","_jet_sm_fonts_collection":"","_jet_sm_fonts_links":""},"pwb-brand":[390],"product_brand":[],"product_cat":[386],"product_tag":[],"class_list":{"0":"post-2908","1":"product","2":"type-product","3":"status-publish","4":"has-post-thumbnail","6":"pwb-brand-diamonhead","7":"product_cat-ukelele-instrumentos-cuerda","9":"first","10":"instock","11":"shipping-taxable","12":"purchasable","13":"product-type-simple"},"yoast_head":"<!-- This site is optimized with the Yoast SEO plugin v19.11 - https:\/\/yoast.com\/wordpress\/plugins\/seo\/ -->\n<title>UKELELE DIAMONHEAD DU-200 - Stock Musik<\/title>\n<meta name=\"robots\" content=\"index, follow, max-snippet:-1, max-image-preview:large, max-video-preview:-1\" \/>\n<link rel=\"canonical\" href=\"https:\/\/stockmusik.com.co\/index.php\/producto\/ukelele-diamonhead-du-200\/\" \/>\n<meta property=\"og:locale\" content=\"es_ES\" \/>\n<meta property=\"og:type\" content=\"article\" \/>\n<meta property=\"og:title\" content=\"UKELELE DIAMONHEAD DU-200 - Stock Musik\" \/>\n<meta property=\"og:description\" content=\"El ukelele de concierto Diamond Head DU-200C est\u00e1 cuidadosamente hecho a mano de caoba selecta y combinado con un puente y diapas\u00f3n de palo de rosa para un sonido conmovedor y excelente jugabilidad. La afinaci\u00f3n es f\u00e1cil con m\u00e1quinas de afinaci\u00f3n confiables al estilo de la guitarra que son perfectas para el principiante o el jugador avanzado. Complementados con trastes perfectamente vestidos, cuerdas de calidad y una configuraci\u00f3n profesional, estos Diamond Head Ukes son una gran oferta.\" \/>\n<meta property=\"og:url\" content=\"https:\/\/stockmusik.com.co\/index.php\/producto\/ukelele-diamonhead-du-200\/\" \/>\n<meta property=\"og:site_name\" content=\"Stock Musik\" \/>\n<meta property=\"article:publisher\" content=\"https:\/\/es-la.facebook.com\/stockmusik\/\" \/>\n<meta property=\"article:modified_time\" content=\"2020-10-26T16:14:40+00:00\" \/>\n<meta property=\"og:image\" content=\"https:\/\/stockmusik.com.co\/wp-content\/uploads\/2020\/09\/UKELELE-DIAMONHEAD-DU-200-2.jpg\" \/>\n\t<meta property=\"og:image:width\" content=\"562\" \/>\n\t<meta property=\"og:image:height\" content=\"1000\" \/>\n\t<meta property=\"og:image:type\" content=\"image\/jpeg\" \/>\n<meta name=\"twitter:card\" content=\"summary_large_image\" \/>\n<meta name=\"twitter:label1\" content=\"Precio\" \/>\n\t<meta name=\"twitter:data1\" content=\"Cotiza por Whatsapp\" \/>\n\t<meta name=\"twitter:label2\" content=\"Availability\" \/>\n\t<meta name=\"twitter:data2\" content=\"In stock\" \/>\n<script type=\"application\/ld+json\" class=\"yoast-schema-graph\">{\"@context\":\"https:\/\/schema.org\",\"@graph\":[{\"@type\":\"WebPage\",\"@id\":\"https:\/\/stockmusik.com.co\/index.php\/producto\/ukelele-diamonhead-du-200\/\",\"url\":\"https:\/\/stockmusik.com.co\/index.php\/producto\/ukelele-diamonhead-du-200\/\",\"name\":\"UKELELE DIAMONHEAD DU-200 - Stock Musik\",\"isPartOf\":{\"@id\":\"https:\/\/stockmusik.com.co\/#website\"},\"datePublished\":\"2020-09-16T22:47:39+00:00\",\"dateModified\":\"2020-10-26T16:14:40+00:00\",\"breadcrumb\":{\"@id\":\"https:\/\/stockmusik.com.co\/index.php\/producto\/ukelele-diamonhead-du-200\/#breadcrumb\"},\"inLanguage\":\"es\",\"potentialAction\":[{\"@type\":\"ReadAction\",\"target\":[\"https:\/\/stockmusik.com.co\/index.php\/producto\/ukelele-diamonhead-du-200\/\"]}]},{\"@type\":\"BreadcrumbList\",\"@id\":\"https:\/\/stockmusik.com.co\/index.php\/producto\/ukelele-diamonhead-du-200\/#breadcrumb\",\"itemListElement\":[{\"@type\":\"ListItem\",\"position\":1,\"name\":\"Portada\",\"item\":\"https:\/\/stockmusik.com.co\/\"},{\"@type\":\"ListItem\",\"position\":2,\"name\":\"Tienda StockMusik\",\"item\":\"https:\/\/stockmusik.com.co\/index.php\/tienda-stockmusik\/\"},{\"@type\":\"ListItem\",\"position\":3,\"name\":\"UKELELE DIAMONHEAD DU-200\"}]},{\"@type\":\"WebSite\",\"@id\":\"https:\/\/stockmusik.com.co\/#website\",\"url\":\"https:\/\/stockmusik.com.co\/\",\"name\":\"Stock Musik\",\"description\":\"Tienda de Instrumentos Musicales\",\"publisher\":{\"@id\":\"https:\/\/stockmusik.com.co\/#organization\"},\"potentialAction\":[{\"@type\":\"SearchAction\",\"target\":{\"@type\":\"EntryPoint\",\"urlTemplate\":\"https:\/\/stockmusik.com.co\/?s={search_term_string}\"},\"query-input\":\"required name=search_term_string\"}],\"inLanguage\":\"es\"},{\"@type\":\"Organization\",\"@id\":\"https:\/\/stockmusik.com.co\/#organization\",\"name\":\"Stock Musik\",\"url\":\"https:\/\/stockmusik.com.co\/\",\"logo\":{\"@type\":\"ImageObject\",\"inLanguage\":\"es\",\"@id\":\"https:\/\/stockmusik.com.co\/#\/schema\/logo\/image\/\",\"url\":\"https:\/\/stockmusik.com.co\/wp-content\/uploads\/2020\/08\/cropped-logo_stock_musik.png\",\"contentUrl\":\"https:\/\/stockmusik.com.co\/wp-content\/uploads\/2020\/08\/cropped-logo_stock_musik.png\",\"width\":455,\"height\":173,\"caption\":\"Stock Musik\"},\"image\":{\"@id\":\"https:\/\/stockmusik.com.co\/#\/schema\/logo\/image\/\"},\"sameAs\":[\"https:\/\/es-la.facebook.com\/stockmusik\/\"]}]}<\/script>\n<meta property=\"product:price:amount\" content=\"244000\" \/>\n<meta property=\"product:price:currency\" content=\"COP\" \/>\n<meta property=\"og:availability\" content=\"instock\" \/>\n<meta property=\"product:availability\" content=\"instock\" \/>\n<meta property=\"product:retailer_item_id\" content=\"01421\" \/>\n<meta property=\"product:condition\" content=\"new\" \/>\n<!-- \/ Yoast SEO plugin. -->","yoast_head_json":{"title":"UKELELE DIAMONHEAD DU-200 - Stock Musik","robots":{"index":"index","follow":"follow","max-snippet":"max-snippet:-1","max-image-preview":"max-image-preview:large","max-video-preview":"max-video-preview:-1"},"canonical":"https:\/\/stockmusik.com.co\/index.php\/producto\/ukelele-diamonhead-du-200\/","og_locale":"es_ES","og_type":"article","og_title":"UKELELE DIAMONHEAD DU-200 - Stock Musik","og_description":"El ukelele de concierto Diamond Head DU-200C est\u00e1 cuidadosamente hecho a mano de caoba selecta y combinado con un puente y diapas\u00f3n de palo de rosa para un sonido conmovedor y excelente jugabilidad. La afinaci\u00f3n es f\u00e1cil con m\u00e1quinas de afinaci\u00f3n confiables al estilo de la guitarra que son perfectas para el principiante o el jugador avanzado. Complementados con trastes perfectamente vestidos, cuerdas de calidad y una configuraci\u00f3n profesional, estos Diamond Head Ukes son una gran oferta.","og_url":"https:\/\/stockmusik.com.co\/index.php\/producto\/ukelele-diamonhead-du-200\/","og_site_name":"Stock Musik","article_publisher":"https:\/\/es-la.facebook.com\/stockmusik\/","article_modified_time":"2020-10-26T16:14:40+00:00","og_image":[{"width":562,"height":1000,"url":"https:\/\/stockmusik.com.co\/wp-content\/uploads\/2020\/09\/UKELELE-DIAMONHEAD-DU-200-2.jpg","type":"image\/jpeg"}],"twitter_card":"summary_large_image","twitter_misc":{"Precio":"Cotiza por Whatsapp","Availability":"In stock"},"schema":{"@context":"https:\/\/schema.org","@graph":[{"@type":"WebPage","@id":"https:\/\/stockmusik.com.co\/index.php\/producto\/ukelele-diamonhead-du-200\/","url":"https:\/\/stockmusik.com.co\/index.php\/producto\/ukelele-diamonhead-du-200\/","name":"UKELELE DIAMONHEAD DU-200 - Stock Musik","isPartOf":{"@id":"https:\/\/stockmusik.com.co\/#website"},"datePublished":"2020-09-16T22:47:39+00:00","dateModified":"2020-10-26T16:14:40+00:00","breadcrumb":{"@id":"https:\/\/stockmusik.com.co\/index.php\/producto\/ukelele-diamonhead-du-200\/#breadcrumb"},"inLanguage":"es","potentialAction":[{"@type":"ReadAction","target":["https:\/\/stockmusik.com.co\/index.php\/producto\/ukelele-diamonhead-du-200\/"]}]},{"@type":"BreadcrumbList","@id":"https:\/\/stockmusik.com.co\/index.php\/producto\/ukelele-diamonhead-du-200\/#breadcrumb","itemListElement":[{"@type":"ListItem","position":1,"name":"Portada","item":"https:\/\/stockmusik.com.co\/"},{"@type":"ListItem","position":2,"name":"Tienda StockMusik","item":"https:\/\/stockmusik.com.co\/index.php\/tienda-stockmusik\/"},{"@type":"ListItem","position":3,"name":"UKELELE DIAMONHEAD DU-200"}]},{"@type":"WebSite","@id":"https:\/\/stockmusik.com.co\/#website","url":"https:\/\/stockmusik.com.co\/","name":"Stock Musik","description":"Tienda de Instrumentos Musicales","publisher":{"@id":"https:\/\/stockmusik.com.co\/#organization"},"potentialAction":[{"@type":"SearchAction","target":{"@type":"EntryPoint","urlTemplate":"https:\/\/stockmusik.com.co\/?s={search_term_string}"},"query-input":"required name=search_term_string"}],"inLanguage":"es"},{"@type":"Organization","@id":"https:\/\/stockmusik.com.co\/#organization","name":"Stock Musik","url":"https:\/\/stockmusik.com.co\/","logo":{"@type":"ImageObject","inLanguage":"es","@id":"https:\/\/stockmusik.com.co\/#\/schema\/logo\/image\/","url":"https:\/\/stockmusik.com.co\/wp-content\/uploads\/2020\/08\/cropped-logo_stock_musik.png","contentUrl":"https:\/\/stockmusik.com.co\/wp-content\/uploads\/2020\/08\/cropped-logo_stock_musik.png","width":455,"height":173,"caption":"Stock Musik"},"image":{"@id":"https:\/\/stockmusik.com.co\/#\/schema\/logo\/image\/"},"sameAs":["https:\/\/es-la.facebook.com\/stockmusik\/"]}]},"product_price_amount":"244000","product_price_currency":"COP","og_availability":"instock","product_availability":"instock","product_retailer_item_id":"01421","product_condition":"new"},"brands":[{"id":390,"name":"DIAMONHEAD","slug":"diamonhead"}],"_links":{"self":[{"href":"https:\/\/stockmusik.com.co\/index.php\/wp-json\/wp\/v2\/product\/2908","targetHints":{"allow":["GET"]}}],"collection":[{"href":"https:\/\/stockmusik.com.co\/index.php\/wp-json\/wp\/v2\/product"}],"about":[{"href":"https:\/\/stockmusik.com.co\/index.php\/wp-json\/wp\/v2\/types\/product"}],"replies":[{"embeddable":true,"href":"https:\/\/stockmusik.com.co\/index.php\/wp-json\/wp\/v2\/comments?post=2908"}],"wp:featuredmedia":[{"embeddable":true,"href":"https:\/\/stockmusik.com.co\/index.php\/wp-json\/wp\/v2\/media\/4513"}],"wp:attachment":[{"href":"https:\/\/stockmusik.com.co\/index.php\/wp-json\/wp\/v2\/media?parent=2908"}],"wp:term":[{"taxonomy":"pwb-brand","embeddable":true,"href":"https:\/\/stockmusik.com.co\/index.php\/wp-json\/wp\/v2\/pwb-brand?post=2908"},{"taxonomy":"product_brand","embeddable":true,"href":"https:\/\/stockmusik.com.co\/index.php\/wp-json\/wp\/v2\/product_brand?post=2908"},{"taxonomy":"product_cat","embeddable":true,"href":"https:\/\/stockmusik.com.co\/index.php\/wp-json\/wp\/v2\/product_cat?post=2908"},{"taxonomy":"product_tag","embeddable":true,"href":"https:\/\/stockmusik.com.co\/index.php\/wp-json\/wp\/v2\/product_tag?post=2908"}],"curies":[{"name":"wp","href":"https:\/\/api.w.org\/{rel}","templated":true}]}}