{"id":2720,"date":"2020-09-16T17:46:59","date_gmt":"2020-09-16T22:46:59","guid":{"rendered":"https:\/\/stockmusik.com.co\/index.php\/producto\/procesador-de-efectos-zoom-b1xon\/"},"modified":"2021-02-19T13:43:54","modified_gmt":"2021-02-19T18:43:54","slug":"procesador-de-efectos-zoom-b1xon","status":"publish","type":"product","link":"https:\/\/stockmusik.com.co\/index.php\/producto\/procesador-de-efectos-zoom-b1xon\/","title":{"rendered":"PROCESADOR DE EFECTOS ZOOM B1XON"},"content":{"rendered":"<ul>\n<li>100 efectos, incluyendo distorsi\u00f3n, compresi\u00f3n, modulaci\u00f3n, delay y\u00a0reverb<\/li>\n<li>Es posible usar hasta 5 efectos de forma simult\u00e1nea, encadenados en cualquier\u00a0orden<\/li>\n<li>100 ubicaciones de memoria (10 bancos de 10) para el almacenamiento de patches creados por el\u00a0usuario<\/li>\n<li>La funci\u00f3n Swap (sustituir) hace que la organizaci\u00f3n de patches sea un juego de\u00a0ni\u00f1os<\/li>\n<li>Funci\u00f3n Auto Save para el almacenamiento autom\u00e1tico de todos los par\u00e1metros de\u00a0patch<\/li>\n<li>La funci\u00f3n Pre Select permite la selecci\u00f3n silenciosa de patches mientras se mantiene en funcionamiento el\u00a0actual<\/li>\n<li>El afinador crom\u00e1tico incluido soporta todas las afinaciones est\u00e1ndar de guitarra, incluyendo afinaciones abiertas y de\u00a0ca\u00edda<\/li>\n<li>Funci\u00f3n Looper para la grabaci\u00f3n de hasta 30 segundos \/ 64 tiempos de grabaci\u00f3n de audio en calidad de CD con tiempos de inicio y final sin\u00a0interrupciones<\/li>\n<li>68 patrones de ritmos incorporados que pueden usarse junto con el\u00a0Looper<\/li>\n<li>El jack de entrada acepta un cable de guitarra mono est\u00e1ndar (soporta tanto instrumentos activos como\u00a0pasivos)<\/li>\n<li>Jack de entrada auxiliar para conectar reproductores de m\u00fasica\u00a0personales<\/li>\n<li>Jack de salida para la conexi\u00f3n a amplis o\u00a0auriculares<\/li>\n<li>LCD retroiluminado con control de contraste para una f\u00e1cil visi\u00f3n en entornos con poca\u00a0luz<\/li>\n<li>Lo bastante peque\u00f1o y ligero para caber en su mochila de\u00a0actuaciones<\/li>\n<li>F\u00e1cil integraci\u00f3n en una caja de pedales ya\u00a0montada<\/li>\n<li>Funciona con 4 pilas AA, con una vida de las pilas alcalinas de 20\u00a0horas<\/li>\n<li>Puerto USB para actualizaciones del\u00a0firmware<\/li>\n<li>Adaptador AC\u00a0opcional<\/li>\n<\/ul>\n","protected":false},"excerpt":{"rendered":"<p>Con la pedalera zoom es posible usar hasta 5 efectos de forma simult\u00e1nea, encadenados como usted quiera. Adem\u00e1s, lleva incorporados 68 patrones de acompa\u00f1amiento r\u00edtmico y puede conectar auriculares al jack se salida (as\u00ed como reproductores de m\u00fasica port\u00e1tiles al jack de entrada auxiliar) para unos ensayos silenciosos. Un afinador crom\u00e1tico integrado soporta todas las afinaciones est\u00e1ndar de guitarra, incluyendo afinaciones abiertas y ca\u00eddas, y una funci\u00f3n Looper le permite grabar hasta 30 segundos de audio con calidad de CD. La duraci\u00f3n del loop puede ajustarse o bien de forma manual o a un n\u00famero predeterminado de notas negras (hasta 64 tiempos), y es posible realizar dicho loop con cualquier patr\u00f3n r\u00edtmico, con cuantizaci\u00f3n autom\u00e1tica que asegura unos tiempos de inicio y final sin interrupciones.<\/p>\n","protected":false},"featured_media":3600,"comment_status":"open","ping_status":"closed","template":"","meta":{"_jet_sm_ready_style":"","_jet_sm_style":"","_jet_sm_controls_values":"","_jet_sm_fonts_collection":"","_jet_sm_fonts_links":""},"pwb-brand":[366],"product_brand":[],"product_cat":[189],"product_tag":[],"class_list":{"0":"post-2720","1":"product","2":"type-product","3":"status-publish","4":"has-post-thumbnail","6":"pwb-brand-zoom","7":"product_cat-pedales","9":"first","10":"instock","11":"shipping-taxable","12":"purchasable","13":"product-type-simple"},"yoast_head":"<!-- This site is optimized with the Yoast SEO plugin v19.11 - https:\/\/yoast.com\/wordpress\/plugins\/seo\/ -->\n<title>PROCESADOR DE EFECTOS ZOOM B1XON - Stock Musik<\/title>\n<meta name=\"robots\" content=\"index, follow, max-snippet:-1, max-image-preview:large, max-video-preview:-1\" \/>\n<link rel=\"canonical\" href=\"https:\/\/stockmusik.com.co\/index.php\/producto\/procesador-de-efectos-zoom-b1xon\/\" \/>\n<meta property=\"og:locale\" content=\"es_ES\" \/>\n<meta property=\"og:type\" content=\"article\" \/>\n<meta property=\"og:title\" content=\"PROCESADOR DE EFECTOS ZOOM B1XON - Stock Musik\" \/>\n<meta property=\"og:description\" content=\"Con la pedalera zoom es posible usar hasta 5 efectos de forma simult\u00e1nea, encadenados como usted quiera. Adem\u00e1s, lleva incorporados 68 patrones de acompa\u00f1amiento r\u00edtmico y puede conectar auriculares al jack se salida (as\u00ed como reproductores de m\u00fasica port\u00e1tiles al jack de entrada auxiliar) para unos ensayos silenciosos. Un afinador crom\u00e1tico integrado soporta todas las afinaciones est\u00e1ndar de guitarra, incluyendo afinaciones abiertas y ca\u00eddas, y una funci\u00f3n Looper le permite grabar hasta 30 segundos de audio con calidad de CD. La duraci\u00f3n del loop puede ajustarse o bien de forma manual o a un n\u00famero predeterminado de notas negras (hasta 64 tiempos), y es posible realizar dicho loop con cualquier patr\u00f3n r\u00edtmico, con cuantizaci\u00f3n autom\u00e1tica que asegura unos tiempos de inicio y final sin interrupciones.\" \/>\n<meta property=\"og:url\" content=\"https:\/\/stockmusik.com.co\/index.php\/producto\/procesador-de-efectos-zoom-b1xon\/\" \/>\n<meta property=\"og:site_name\" content=\"Stock Musik\" \/>\n<meta property=\"article:publisher\" content=\"https:\/\/es-la.facebook.com\/stockmusik\/\" \/>\n<meta property=\"article:modified_time\" content=\"2021-02-19T18:43:54+00:00\" \/>\n<meta property=\"og:image\" content=\"https:\/\/stockmusik.com.co\/wp-content\/uploads\/2020\/09\/PROCESADOR-DE-EFECTOS-ZOOM-B1XON.jpg\" \/>\n\t<meta property=\"og:image:width\" content=\"1100\" \/>\n\t<meta property=\"og:image:height\" content=\"723\" \/>\n\t<meta property=\"og:image:type\" content=\"image\/jpeg\" \/>\n<meta name=\"twitter:card\" content=\"summary_large_image\" \/>\n<meta name=\"twitter:label1\" content=\"Precio\" \/>\n\t<meta name=\"twitter:data1\" content=\"Cotiza por Whatsapp\" \/>\n\t<meta name=\"twitter:label2\" content=\"Availability\" \/>\n\t<meta name=\"twitter:data2\" content=\"In stock\" \/>\n<script type=\"application\/ld+json\" class=\"yoast-schema-graph\">{\"@context\":\"https:\/\/schema.org\",\"@graph\":[{\"@type\":\"WebPage\",\"@id\":\"https:\/\/stockmusik.com.co\/index.php\/producto\/procesador-de-efectos-zoom-b1xon\/\",\"url\":\"https:\/\/stockmusik.com.co\/index.php\/producto\/procesador-de-efectos-zoom-b1xon\/\",\"name\":\"PROCESADOR DE EFECTOS ZOOM B1XON - Stock Musik\",\"isPartOf\":{\"@id\":\"https:\/\/stockmusik.com.co\/#website\"},\"datePublished\":\"2020-09-16T22:46:59+00:00\",\"dateModified\":\"2021-02-19T18:43:54+00:00\",\"breadcrumb\":{\"@id\":\"https:\/\/stockmusik.com.co\/index.php\/producto\/procesador-de-efectos-zoom-b1xon\/#breadcrumb\"},\"inLanguage\":\"es\",\"potentialAction\":[{\"@type\":\"ReadAction\",\"target\":[\"https:\/\/stockmusik.com.co\/index.php\/producto\/procesador-de-efectos-zoom-b1xon\/\"]}]},{\"@type\":\"BreadcrumbList\",\"@id\":\"https:\/\/stockmusik.com.co\/index.php\/producto\/procesador-de-efectos-zoom-b1xon\/#breadcrumb\",\"itemListElement\":[{\"@type\":\"ListItem\",\"position\":1,\"name\":\"Portada\",\"item\":\"https:\/\/stockmusik.com.co\/\"},{\"@type\":\"ListItem\",\"position\":2,\"name\":\"Tienda StockMusik\",\"item\":\"https:\/\/stockmusik.com.co\/index.php\/tienda-stockmusik\/\"},{\"@type\":\"ListItem\",\"position\":3,\"name\":\"PROCESADOR DE EFECTOS ZOOM B1XON\"}]},{\"@type\":\"WebSite\",\"@id\":\"https:\/\/stockmusik.com.co\/#website\",\"url\":\"https:\/\/stockmusik.com.co\/\",\"name\":\"Stock Musik\",\"description\":\"Tienda de Instrumentos Musicales\",\"publisher\":{\"@id\":\"https:\/\/stockmusik.com.co\/#organization\"},\"potentialAction\":[{\"@type\":\"SearchAction\",\"target\":{\"@type\":\"EntryPoint\",\"urlTemplate\":\"https:\/\/stockmusik.com.co\/?s={search_term_string}\"},\"query-input\":\"required name=search_term_string\"}],\"inLanguage\":\"es\"},{\"@type\":\"Organization\",\"@id\":\"https:\/\/stockmusik.com.co\/#organization\",\"name\":\"Stock Musik\",\"url\":\"https:\/\/stockmusik.com.co\/\",\"logo\":{\"@type\":\"ImageObject\",\"inLanguage\":\"es\",\"@id\":\"https:\/\/stockmusik.com.co\/#\/schema\/logo\/image\/\",\"url\":\"https:\/\/stockmusik.com.co\/wp-content\/uploads\/2020\/08\/cropped-logo_stock_musik.png\",\"contentUrl\":\"https:\/\/stockmusik.com.co\/wp-content\/uploads\/2020\/08\/cropped-logo_stock_musik.png\",\"width\":455,\"height\":173,\"caption\":\"Stock Musik\"},\"image\":{\"@id\":\"https:\/\/stockmusik.com.co\/#\/schema\/logo\/image\/\"},\"sameAs\":[\"https:\/\/es-la.facebook.com\/stockmusik\/\"]}]}<\/script>\n<meta property=\"product:price:amount\" content=\"415000\" \/>\n<meta property=\"product:price:currency\" content=\"COP\" \/>\n<meta property=\"og:availability\" content=\"instock\" \/>\n<meta property=\"product:availability\" content=\"instock\" \/>\n<meta property=\"product:retailer_item_id\" content=\"01483\" \/>\n<meta property=\"product:condition\" content=\"new\" \/>\n<!-- \/ Yoast SEO plugin. -->","yoast_head_json":{"title":"PROCESADOR DE EFECTOS ZOOM B1XON - Stock Musik","robots":{"index":"index","follow":"follow","max-snippet":"max-snippet:-1","max-image-preview":"max-image-preview:large","max-video-preview":"max-video-preview:-1"},"canonical":"https:\/\/stockmusik.com.co\/index.php\/producto\/procesador-de-efectos-zoom-b1xon\/","og_locale":"es_ES","og_type":"article","og_title":"PROCESADOR DE EFECTOS ZOOM B1XON - Stock Musik","og_description":"Con la pedalera zoom es posible usar hasta 5 efectos de forma simult\u00e1nea, encadenados como usted quiera. Adem\u00e1s, lleva incorporados 68 patrones de acompa\u00f1amiento r\u00edtmico y puede conectar auriculares al jack se salida (as\u00ed como reproductores de m\u00fasica port\u00e1tiles al jack de entrada auxiliar) para unos ensayos silenciosos. Un afinador crom\u00e1tico integrado soporta todas las afinaciones est\u00e1ndar de guitarra, incluyendo afinaciones abiertas y ca\u00eddas, y una funci\u00f3n Looper le permite grabar hasta 30 segundos de audio con calidad de CD. La duraci\u00f3n del loop puede ajustarse o bien de forma manual o a un n\u00famero predeterminado de notas negras (hasta 64 tiempos), y es posible realizar dicho loop con cualquier patr\u00f3n r\u00edtmico, con cuantizaci\u00f3n autom\u00e1tica que asegura unos tiempos de inicio y final sin interrupciones.","og_url":"https:\/\/stockmusik.com.co\/index.php\/producto\/procesador-de-efectos-zoom-b1xon\/","og_site_name":"Stock Musik","article_publisher":"https:\/\/es-la.facebook.com\/stockmusik\/","article_modified_time":"2021-02-19T18:43:54+00:00","og_image":[{"width":1100,"height":723,"url":"https:\/\/stockmusik.com.co\/wp-content\/uploads\/2020\/09\/PROCESADOR-DE-EFECTOS-ZOOM-B1XON.jpg","type":"image\/jpeg"}],"twitter_card":"summary_large_image","twitter_misc":{"Precio":"Cotiza por Whatsapp","Availability":"In stock"},"schema":{"@context":"https:\/\/schema.org","@graph":[{"@type":"WebPage","@id":"https:\/\/stockmusik.com.co\/index.php\/producto\/procesador-de-efectos-zoom-b1xon\/","url":"https:\/\/stockmusik.com.co\/index.php\/producto\/procesador-de-efectos-zoom-b1xon\/","name":"PROCESADOR DE EFECTOS ZOOM B1XON - Stock Musik","isPartOf":{"@id":"https:\/\/stockmusik.com.co\/#website"},"datePublished":"2020-09-16T22:46:59+00:00","dateModified":"2021-02-19T18:43:54+00:00","breadcrumb":{"@id":"https:\/\/stockmusik.com.co\/index.php\/producto\/procesador-de-efectos-zoom-b1xon\/#breadcrumb"},"inLanguage":"es","potentialAction":[{"@type":"ReadAction","target":["https:\/\/stockmusik.com.co\/index.php\/producto\/procesador-de-efectos-zoom-b1xon\/"]}]},{"@type":"BreadcrumbList","@id":"https:\/\/stockmusik.com.co\/index.php\/producto\/procesador-de-efectos-zoom-b1xon\/#breadcrumb","itemListElement":[{"@type":"ListItem","position":1,"name":"Portada","item":"https:\/\/stockmusik.com.co\/"},{"@type":"ListItem","position":2,"name":"Tienda StockMusik","item":"https:\/\/stockmusik.com.co\/index.php\/tienda-stockmusik\/"},{"@type":"ListItem","position":3,"name":"PROCESADOR DE EFECTOS ZOOM B1XON"}]},{"@type":"WebSite","@id":"https:\/\/stockmusik.com.co\/#website","url":"https:\/\/stockmusik.com.co\/","name":"Stock Musik","description":"Tienda de Instrumentos Musicales","publisher":{"@id":"https:\/\/stockmusik.com.co\/#organization"},"potentialAction":[{"@type":"SearchAction","target":{"@type":"EntryPoint","urlTemplate":"https:\/\/stockmusik.com.co\/?s={search_term_string}"},"query-input":"required name=search_term_string"}],"inLanguage":"es"},{"@type":"Organization","@id":"https:\/\/stockmusik.com.co\/#organization","name":"Stock Musik","url":"https:\/\/stockmusik.com.co\/","logo":{"@type":"ImageObject","inLanguage":"es","@id":"https:\/\/stockmusik.com.co\/#\/schema\/logo\/image\/","url":"https:\/\/stockmusik.com.co\/wp-content\/uploads\/2020\/08\/cropped-logo_stock_musik.png","contentUrl":"https:\/\/stockmusik.com.co\/wp-content\/uploads\/2020\/08\/cropped-logo_stock_musik.png","width":455,"height":173,"caption":"Stock Musik"},"image":{"@id":"https:\/\/stockmusik.com.co\/#\/schema\/logo\/image\/"},"sameAs":["https:\/\/es-la.facebook.com\/stockmusik\/"]}]},"product_price_amount":"415000","product_price_currency":"COP","og_availability":"instock","product_availability":"instock","product_retailer_item_id":"01483","product_condition":"new"},"brands":[{"id":366,"name":"ZOOM","slug":"zoom"}],"_links":{"self":[{"href":"https:\/\/stockmusik.com.co\/index.php\/wp-json\/wp\/v2\/product\/2720","targetHints":{"allow":["GET"]}}],"collection":[{"href":"https:\/\/stockmusik.com.co\/index.php\/wp-json\/wp\/v2\/product"}],"about":[{"href":"https:\/\/stockmusik.com.co\/index.php\/wp-json\/wp\/v2\/types\/product"}],"replies":[{"embeddable":true,"href":"https:\/\/stockmusik.com.co\/index.php\/wp-json\/wp\/v2\/comments?post=2720"}],"wp:featuredmedia":[{"embeddable":true,"href":"https:\/\/stockmusik.com.co\/index.php\/wp-json\/wp\/v2\/media\/3600"}],"wp:attachment":[{"href":"https:\/\/stockmusik.com.co\/index.php\/wp-json\/wp\/v2\/media?parent=2720"}],"wp:term":[{"taxonomy":"pwb-brand","embeddable":true,"href":"https:\/\/stockmusik.com.co\/index.php\/wp-json\/wp\/v2\/pwb-brand?post=2720"},{"taxonomy":"product_brand","embeddable":true,"href":"https:\/\/stockmusik.com.co\/index.php\/wp-json\/wp\/v2\/product_brand?post=2720"},{"taxonomy":"product_cat","embeddable":true,"href":"https:\/\/stockmusik.com.co\/index.php\/wp-json\/wp\/v2\/product_cat?post=2720"},{"taxonomy":"product_tag","embeddable":true,"href":"https:\/\/stockmusik.com.co\/index.php\/wp-json\/wp\/v2\/product_tag?post=2720"}],"curies":[{"name":"wp","href":"https:\/\/api.w.org\/{rel}","templated":true}]}}