{"id":2524,"date":"2020-09-16T17:46:19","date_gmt":"2020-09-16T22:46:19","guid":{"rendered":"https:\/\/stockmusik.com.co\/index.php\/producto\/microfono-con-diaema-ts331p-takstar\/"},"modified":"2022-11-11T16:50:46","modified_gmt":"2022-11-11T21:50:46","slug":"microfono-con-diaema-ts331p-takstar","status":"publish","type":"product","link":"https:\/\/stockmusik.com.co\/index.php\/producto\/microfono-con-diaema-ts331p-takstar\/","title":{"rendered":"MICROFONO CON DIADEMA TS331P TAKSTAR"},"content":{"rendered":"<ul>\n<li>Sistema inal\u00e1mbrico VHF de Diadema<\/li>\n<li>El circuito de control de retroalimentaci\u00f3n efectiva<\/li>\n<li>Electr\u00f3nica de activaci\u00f3n \/ desactivaci\u00f3n de la supresi\u00f3n del ruido<\/li>\n<li>Un transmisor por un receptor<\/li>\n<li>Rango de frecuencia: 220 MHz-270 MHz<\/li>\n<li>N\u00famero de canales: Canal \u00fanico<\/li>\n<li>Respuesta de frecuencia: 60Hz-13kHz<\/li>\n<li>Max. Desviaci\u00f3n de frecuencia: \u00b1 15kHz<\/li>\n<li>Constancia de frecuencia: \u00b1 0,005%<\/li>\n<li>S \/ N Ratio:&gt; 70dB<\/li>\n<li>Distorsi\u00f3n arm\u00f3nica total: \u2264 0,5% (a 1 kHz)<\/li>\n<\/ul>\n","protected":false},"excerpt":{"rendered":"<p>Sistema inal\u00e1mbrico VHF de diadema\u00a0unidireccional con body pack, respuesta de frecuencia de 60Hz a 13Khz, 70 metros de alcance. Circuito de retroalimentaci\u00f3n efectiva con sistema de supresi\u00f3n de ruido. alcance de 70 metros. 1 antena. Una excelente opci\u00f3n al mejor precio. Uso en amplificaci\u00f3n de eventos, conferencias, iglesias y similares.<\/p>\n","protected":false},"featured_media":3696,"comment_status":"open","ping_status":"closed","template":"","meta":{"_jet_sm_ready_style":"","_jet_sm_style":"","_jet_sm_controls_values":"","_jet_sm_fonts_collection":"","_jet_sm_fonts_links":""},"pwb-brand":[90],"product_brand":[],"product_cat":[340],"product_tag":[],"class_list":{"0":"post-2524","1":"product","2":"type-product","3":"status-publish","4":"has-post-thumbnail","6":"pwb-brand-takstar","7":"product_cat-microfono","9":"first","10":"instock","11":"shipping-taxable","12":"purchasable","13":"product-type-simple"},"yoast_head":"<!-- This site is optimized with the Yoast SEO plugin v19.11 - https:\/\/yoast.com\/wordpress\/plugins\/seo\/ -->\n<title>MICROFONO CON DIADEMA TS331P TAKSTAR - Stock Musik<\/title>\n<meta name=\"robots\" content=\"index, follow, max-snippet:-1, max-image-preview:large, max-video-preview:-1\" \/>\n<link rel=\"canonical\" href=\"https:\/\/stockmusik.com.co\/index.php\/producto\/microfono-con-diaema-ts331p-takstar\/\" \/>\n<meta property=\"og:locale\" content=\"es_ES\" \/>\n<meta property=\"og:type\" content=\"article\" \/>\n<meta property=\"og:title\" content=\"MICROFONO CON DIADEMA TS331P TAKSTAR - Stock Musik\" \/>\n<meta property=\"og:description\" content=\"Sistema inal\u00e1mbrico VHF de diadema\u00a0unidireccional con body pack, respuesta de frecuencia de 60Hz a 13Khz, 70 metros de alcance. Circuito de retroalimentaci\u00f3n efectiva con sistema de supresi\u00f3n de ruido. alcance de 70 metros. 1 antena. Una excelente opci\u00f3n al mejor precio. Uso en amplificaci\u00f3n de eventos, conferencias, iglesias y similares.\" \/>\n<meta property=\"og:url\" content=\"https:\/\/stockmusik.com.co\/index.php\/producto\/microfono-con-diaema-ts331p-takstar\/\" \/>\n<meta property=\"og:site_name\" content=\"Stock Musik\" \/>\n<meta property=\"article:publisher\" content=\"https:\/\/es-la.facebook.com\/stockmusik\/\" \/>\n<meta property=\"article:modified_time\" content=\"2022-11-11T21:50:46+00:00\" \/>\n<meta property=\"og:image\" content=\"https:\/\/stockmusik.com.co\/wp-content\/uploads\/2020\/09\/MICROFONO-CON-DIADEMA-TS331P-TAKSTAR.png\" \/>\n\t<meta property=\"og:image:width\" content=\"592\" \/>\n\t<meta property=\"og:image:height\" content=\"460\" \/>\n\t<meta property=\"og:image:type\" content=\"image\/png\" \/>\n<meta name=\"twitter:card\" content=\"summary_large_image\" \/>\n<meta name=\"twitter:label1\" content=\"Precio\" \/>\n\t<meta name=\"twitter:data1\" content=\"Cotiza por Whatsapp\" \/>\n\t<meta name=\"twitter:label2\" content=\"Availability\" \/>\n\t<meta name=\"twitter:data2\" content=\"In stock\" \/>\n<script type=\"application\/ld+json\" class=\"yoast-schema-graph\">{\"@context\":\"https:\/\/schema.org\",\"@graph\":[{\"@type\":\"WebPage\",\"@id\":\"https:\/\/stockmusik.com.co\/index.php\/producto\/microfono-con-diaema-ts331p-takstar\/\",\"url\":\"https:\/\/stockmusik.com.co\/index.php\/producto\/microfono-con-diaema-ts331p-takstar\/\",\"name\":\"MICROFONO CON DIADEMA TS331P TAKSTAR - Stock Musik\",\"isPartOf\":{\"@id\":\"https:\/\/stockmusik.com.co\/#website\"},\"datePublished\":\"2020-09-16T22:46:19+00:00\",\"dateModified\":\"2022-11-11T21:50:46+00:00\",\"breadcrumb\":{\"@id\":\"https:\/\/stockmusik.com.co\/index.php\/producto\/microfono-con-diaema-ts331p-takstar\/#breadcrumb\"},\"inLanguage\":\"es\",\"potentialAction\":[{\"@type\":\"ReadAction\",\"target\":[\"https:\/\/stockmusik.com.co\/index.php\/producto\/microfono-con-diaema-ts331p-takstar\/\"]}]},{\"@type\":\"BreadcrumbList\",\"@id\":\"https:\/\/stockmusik.com.co\/index.php\/producto\/microfono-con-diaema-ts331p-takstar\/#breadcrumb\",\"itemListElement\":[{\"@type\":\"ListItem\",\"position\":1,\"name\":\"Portada\",\"item\":\"https:\/\/stockmusik.com.co\/\"},{\"@type\":\"ListItem\",\"position\":2,\"name\":\"Tienda StockMusik\",\"item\":\"https:\/\/stockmusik.com.co\/index.php\/tienda-stockmusik\/\"},{\"@type\":\"ListItem\",\"position\":3,\"name\":\"MICROFONO CON DIADEMA TS331P TAKSTAR\"}]},{\"@type\":\"WebSite\",\"@id\":\"https:\/\/stockmusik.com.co\/#website\",\"url\":\"https:\/\/stockmusik.com.co\/\",\"name\":\"Stock Musik\",\"description\":\"Tienda de Instrumentos Musicales\",\"publisher\":{\"@id\":\"https:\/\/stockmusik.com.co\/#organization\"},\"potentialAction\":[{\"@type\":\"SearchAction\",\"target\":{\"@type\":\"EntryPoint\",\"urlTemplate\":\"https:\/\/stockmusik.com.co\/?s={search_term_string}\"},\"query-input\":\"required name=search_term_string\"}],\"inLanguage\":\"es\"},{\"@type\":\"Organization\",\"@id\":\"https:\/\/stockmusik.com.co\/#organization\",\"name\":\"Stock Musik\",\"url\":\"https:\/\/stockmusik.com.co\/\",\"logo\":{\"@type\":\"ImageObject\",\"inLanguage\":\"es\",\"@id\":\"https:\/\/stockmusik.com.co\/#\/schema\/logo\/image\/\",\"url\":\"https:\/\/stockmusik.com.co\/wp-content\/uploads\/2020\/08\/cropped-logo_stock_musik.png\",\"contentUrl\":\"https:\/\/stockmusik.com.co\/wp-content\/uploads\/2020\/08\/cropped-logo_stock_musik.png\",\"width\":455,\"height\":173,\"caption\":\"Stock Musik\"},\"image\":{\"@id\":\"https:\/\/stockmusik.com.co\/#\/schema\/logo\/image\/\"},\"sameAs\":[\"https:\/\/es-la.facebook.com\/stockmusik\/\"]}]}<\/script>\n<meta property=\"product:price:amount\" content=\"240000\" \/>\n<meta property=\"product:price:currency\" content=\"COP\" \/>\n<meta property=\"og:availability\" content=\"instock\" \/>\n<meta property=\"product:availability\" content=\"instock\" \/>\n<meta property=\"product:retailer_item_id\" content=\"725\" \/>\n<meta property=\"product:condition\" content=\"new\" \/>\n<!-- \/ Yoast SEO plugin. -->","yoast_head_json":{"title":"MICROFONO CON DIADEMA TS331P TAKSTAR - Stock Musik","robots":{"index":"index","follow":"follow","max-snippet":"max-snippet:-1","max-image-preview":"max-image-preview:large","max-video-preview":"max-video-preview:-1"},"canonical":"https:\/\/stockmusik.com.co\/index.php\/producto\/microfono-con-diaema-ts331p-takstar\/","og_locale":"es_ES","og_type":"article","og_title":"MICROFONO CON DIADEMA TS331P TAKSTAR - Stock Musik","og_description":"Sistema inal\u00e1mbrico VHF de diadema\u00a0unidireccional con body pack, respuesta de frecuencia de 60Hz a 13Khz, 70 metros de alcance. Circuito de retroalimentaci\u00f3n efectiva con sistema de supresi\u00f3n de ruido. alcance de 70 metros. 1 antena. Una excelente opci\u00f3n al mejor precio. Uso en amplificaci\u00f3n de eventos, conferencias, iglesias y similares.","og_url":"https:\/\/stockmusik.com.co\/index.php\/producto\/microfono-con-diaema-ts331p-takstar\/","og_site_name":"Stock Musik","article_publisher":"https:\/\/es-la.facebook.com\/stockmusik\/","article_modified_time":"2022-11-11T21:50:46+00:00","og_image":[{"width":592,"height":460,"url":"https:\/\/stockmusik.com.co\/wp-content\/uploads\/2020\/09\/MICROFONO-CON-DIADEMA-TS331P-TAKSTAR.png","type":"image\/png"}],"twitter_card":"summary_large_image","twitter_misc":{"Precio":"Cotiza por Whatsapp","Availability":"In stock"},"schema":{"@context":"https:\/\/schema.org","@graph":[{"@type":"WebPage","@id":"https:\/\/stockmusik.com.co\/index.php\/producto\/microfono-con-diaema-ts331p-takstar\/","url":"https:\/\/stockmusik.com.co\/index.php\/producto\/microfono-con-diaema-ts331p-takstar\/","name":"MICROFONO CON DIADEMA TS331P TAKSTAR - Stock Musik","isPartOf":{"@id":"https:\/\/stockmusik.com.co\/#website"},"datePublished":"2020-09-16T22:46:19+00:00","dateModified":"2022-11-11T21:50:46+00:00","breadcrumb":{"@id":"https:\/\/stockmusik.com.co\/index.php\/producto\/microfono-con-diaema-ts331p-takstar\/#breadcrumb"},"inLanguage":"es","potentialAction":[{"@type":"ReadAction","target":["https:\/\/stockmusik.com.co\/index.php\/producto\/microfono-con-diaema-ts331p-takstar\/"]}]},{"@type":"BreadcrumbList","@id":"https:\/\/stockmusik.com.co\/index.php\/producto\/microfono-con-diaema-ts331p-takstar\/#breadcrumb","itemListElement":[{"@type":"ListItem","position":1,"name":"Portada","item":"https:\/\/stockmusik.com.co\/"},{"@type":"ListItem","position":2,"name":"Tienda StockMusik","item":"https:\/\/stockmusik.com.co\/index.php\/tienda-stockmusik\/"},{"@type":"ListItem","position":3,"name":"MICROFONO CON DIADEMA TS331P TAKSTAR"}]},{"@type":"WebSite","@id":"https:\/\/stockmusik.com.co\/#website","url":"https:\/\/stockmusik.com.co\/","name":"Stock Musik","description":"Tienda de Instrumentos Musicales","publisher":{"@id":"https:\/\/stockmusik.com.co\/#organization"},"potentialAction":[{"@type":"SearchAction","target":{"@type":"EntryPoint","urlTemplate":"https:\/\/stockmusik.com.co\/?s={search_term_string}"},"query-input":"required name=search_term_string"}],"inLanguage":"es"},{"@type":"Organization","@id":"https:\/\/stockmusik.com.co\/#organization","name":"Stock Musik","url":"https:\/\/stockmusik.com.co\/","logo":{"@type":"ImageObject","inLanguage":"es","@id":"https:\/\/stockmusik.com.co\/#\/schema\/logo\/image\/","url":"https:\/\/stockmusik.com.co\/wp-content\/uploads\/2020\/08\/cropped-logo_stock_musik.png","contentUrl":"https:\/\/stockmusik.com.co\/wp-content\/uploads\/2020\/08\/cropped-logo_stock_musik.png","width":455,"height":173,"caption":"Stock Musik"},"image":{"@id":"https:\/\/stockmusik.com.co\/#\/schema\/logo\/image\/"},"sameAs":["https:\/\/es-la.facebook.com\/stockmusik\/"]}]},"product_price_amount":"240000","product_price_currency":"COP","og_availability":"instock","product_availability":"instock","product_retailer_item_id":"725","product_condition":"new"},"brands":[{"id":90,"name":"TAKSTAR","slug":"takstar"}],"_links":{"self":[{"href":"https:\/\/stockmusik.com.co\/index.php\/wp-json\/wp\/v2\/product\/2524","targetHints":{"allow":["GET"]}}],"collection":[{"href":"https:\/\/stockmusik.com.co\/index.php\/wp-json\/wp\/v2\/product"}],"about":[{"href":"https:\/\/stockmusik.com.co\/index.php\/wp-json\/wp\/v2\/types\/product"}],"replies":[{"embeddable":true,"href":"https:\/\/stockmusik.com.co\/index.php\/wp-json\/wp\/v2\/comments?post=2524"}],"wp:featuredmedia":[{"embeddable":true,"href":"https:\/\/stockmusik.com.co\/index.php\/wp-json\/wp\/v2\/media\/3696"}],"wp:attachment":[{"href":"https:\/\/stockmusik.com.co\/index.php\/wp-json\/wp\/v2\/media?parent=2524"}],"wp:term":[{"taxonomy":"pwb-brand","embeddable":true,"href":"https:\/\/stockmusik.com.co\/index.php\/wp-json\/wp\/v2\/pwb-brand?post=2524"},{"taxonomy":"product_brand","embeddable":true,"href":"https:\/\/stockmusik.com.co\/index.php\/wp-json\/wp\/v2\/product_brand?post=2524"},{"taxonomy":"product_cat","embeddable":true,"href":"https:\/\/stockmusik.com.co\/index.php\/wp-json\/wp\/v2\/product_cat?post=2524"},{"taxonomy":"product_tag","embeddable":true,"href":"https:\/\/stockmusik.com.co\/index.php\/wp-json\/wp\/v2\/product_tag?post=2524"}],"curies":[{"name":"wp","href":"https:\/\/api.w.org\/{rel}","templated":true}]}}