{"id":2344,"date":"2020-09-16T17:45:40","date_gmt":"2020-09-16T22:45:40","guid":{"rendered":"https:\/\/stockmusik.com.co\/index.php\/producto\/guitarra-electrica-yamaha-pac012\/"},"modified":"2022-11-11T17:26:44","modified_gmt":"2022-11-11T22:26:44","slug":"guitarra-electrica-yamaha-pac012","status":"publish","type":"product","link":"https:\/\/stockmusik.com.co\/index.php\/producto\/guitarra-electrica-yamaha-pac012\/","title":{"rendered":"GUITARRA ELECTRICA YAMAHA PAC012"},"content":{"rendered":"<ul>\n<li style=\"font-weight: 300\">Cuerpo: Agathis<\/li>\n<li style=\"font-weight: 300\">M\u00e1stil: Bolt-on, arce<\/li>\n<li style=\"font-weight: 300\">Diapas\u00f3n: Sonokeling, radio 350mm (13.75\u201d)<\/li>\n<li style=\"font-weight: 300\">Trastes: 22<\/li>\n<li style=\"font-weight: 300\">Longitud de tiro: 648mm (25.5\u201d)<\/li>\n<li style=\"font-weight: 300\">Pastillas: Dos single-coil, una humbucker<\/li>\n<li style=\"font-weight: 300\">Controles: Selector de pastillas de cinco posiciones, volumen general, tono general<\/li>\n<li style=\"font-weight: 300\">Puente: Vibrato tipo vintage<\/li>\n<\/ul>\n","protected":false},"excerpt":{"rendered":"<p>La Yamaha PACIFICA 012 es un nuevo modelo para principiantes que ofrece una amplia gama de funciones con componentes artesanales de primer nivel y un timbre \u00fanico, superando con creces las expectativas considerando su ajustado precio. La Yamaha PACIFICA 012 goza de una merecida reputaci\u00f3n por su excelente tono y notable facilidad de interpretaci\u00f3n. La serie Pacifica incorpora cuerpos sinuosos, dise\u00f1os de m\u00e1stil atornillado, vibratos retro y selector de cinco posiciones para la configuraci\u00f3n de pastillas H-S-S (doble-simple-simple).<\/p>\n","protected":false},"featured_media":4157,"comment_status":"open","ping_status":"closed","template":"","meta":{"_jet_sm_ready_style":"","_jet_sm_style":"","_jet_sm_controls_values":"","_jet_sm_fonts_collection":"","_jet_sm_fonts_links":""},"pwb-brand":[97],"product_brand":[],"product_cat":[320],"product_tag":[],"class_list":{"0":"post-2344","1":"product","2":"type-product","3":"status-publish","4":"has-post-thumbnail","6":"pwb-brand-yamaha","7":"product_cat-guitarra-electrica","8":"pa_color-azul","9":"pa_color-negro","10":"pa_color-rojo","12":"first","13":"instock","14":"shipping-taxable","15":"purchasable","16":"product-type-simple"},"yoast_head":"<!-- This site is optimized with the Yoast SEO plugin v19.11 - https:\/\/yoast.com\/wordpress\/plugins\/seo\/ -->\n<title>GUITARRA ELECTRICA YAMAHA PAC012 - Stock Musik<\/title>\n<meta name=\"robots\" content=\"index, follow, max-snippet:-1, max-image-preview:large, max-video-preview:-1\" \/>\n<link rel=\"canonical\" href=\"https:\/\/stockmusik.com.co\/index.php\/producto\/guitarra-electrica-yamaha-pac012\/\" \/>\n<meta property=\"og:locale\" content=\"es_ES\" \/>\n<meta property=\"og:type\" content=\"article\" \/>\n<meta property=\"og:title\" content=\"GUITARRA ELECTRICA YAMAHA PAC012 - Stock Musik\" \/>\n<meta property=\"og:description\" content=\"La Yamaha PACIFICA 012 es un nuevo modelo para principiantes que ofrece una amplia gama de funciones con componentes artesanales de primer nivel y un timbre \u00fanico, superando con creces las expectativas considerando su ajustado precio. La Yamaha PACIFICA 012 goza de una merecida reputaci\u00f3n por su excelente tono y notable facilidad de interpretaci\u00f3n. La serie Pacifica incorpora cuerpos sinuosos, dise\u00f1os de m\u00e1stil atornillado, vibratos retro y selector de cinco posiciones para la configuraci\u00f3n de pastillas H-S-S (doble-simple-simple).\" \/>\n<meta property=\"og:url\" content=\"https:\/\/stockmusik.com.co\/index.php\/producto\/guitarra-electrica-yamaha-pac012\/\" \/>\n<meta property=\"og:site_name\" content=\"Stock Musik\" \/>\n<meta property=\"article:publisher\" content=\"https:\/\/es-la.facebook.com\/stockmusik\/\" \/>\n<meta property=\"article:modified_time\" content=\"2022-11-11T22:26:44+00:00\" \/>\n<meta property=\"og:image\" content=\"https:\/\/stockmusik.com.co\/wp-content\/uploads\/2020\/10\/GUITARRA-ELECTRICA-YAMAHA-PAC012-AZUL.png\" \/>\n\t<meta property=\"og:image:width\" content=\"1024\" \/>\n\t<meta property=\"og:image:height\" content=\"1024\" \/>\n\t<meta property=\"og:image:type\" content=\"image\/png\" \/>\n<meta name=\"twitter:card\" content=\"summary_large_image\" \/>\n<meta name=\"twitter:label1\" content=\"Precio\" \/>\n\t<meta name=\"twitter:data1\" content=\"Cotiza por Whatsapp\" \/>\n\t<meta name=\"twitter:label2\" content=\"Availability\" \/>\n\t<meta name=\"twitter:data2\" content=\"In stock\" \/>\n<script type=\"application\/ld+json\" class=\"yoast-schema-graph\">{\"@context\":\"https:\/\/schema.org\",\"@graph\":[{\"@type\":\"WebPage\",\"@id\":\"https:\/\/stockmusik.com.co\/index.php\/producto\/guitarra-electrica-yamaha-pac012\/\",\"url\":\"https:\/\/stockmusik.com.co\/index.php\/producto\/guitarra-electrica-yamaha-pac012\/\",\"name\":\"GUITARRA ELECTRICA YAMAHA PAC012 - Stock Musik\",\"isPartOf\":{\"@id\":\"https:\/\/stockmusik.com.co\/#website\"},\"datePublished\":\"2020-09-16T22:45:40+00:00\",\"dateModified\":\"2022-11-11T22:26:44+00:00\",\"breadcrumb\":{\"@id\":\"https:\/\/stockmusik.com.co\/index.php\/producto\/guitarra-electrica-yamaha-pac012\/#breadcrumb\"},\"inLanguage\":\"es\",\"potentialAction\":[{\"@type\":\"ReadAction\",\"target\":[\"https:\/\/stockmusik.com.co\/index.php\/producto\/guitarra-electrica-yamaha-pac012\/\"]}]},{\"@type\":\"BreadcrumbList\",\"@id\":\"https:\/\/stockmusik.com.co\/index.php\/producto\/guitarra-electrica-yamaha-pac012\/#breadcrumb\",\"itemListElement\":[{\"@type\":\"ListItem\",\"position\":1,\"name\":\"Portada\",\"item\":\"https:\/\/stockmusik.com.co\/\"},{\"@type\":\"ListItem\",\"position\":2,\"name\":\"Tienda StockMusik\",\"item\":\"https:\/\/stockmusik.com.co\/index.php\/tienda-stockmusik\/\"},{\"@type\":\"ListItem\",\"position\":3,\"name\":\"GUITARRA ELECTRICA YAMAHA PAC012\"}]},{\"@type\":\"WebSite\",\"@id\":\"https:\/\/stockmusik.com.co\/#website\",\"url\":\"https:\/\/stockmusik.com.co\/\",\"name\":\"Stock Musik\",\"description\":\"Tienda de Instrumentos Musicales\",\"publisher\":{\"@id\":\"https:\/\/stockmusik.com.co\/#organization\"},\"potentialAction\":[{\"@type\":\"SearchAction\",\"target\":{\"@type\":\"EntryPoint\",\"urlTemplate\":\"https:\/\/stockmusik.com.co\/?s={search_term_string}\"},\"query-input\":\"required name=search_term_string\"}],\"inLanguage\":\"es\"},{\"@type\":\"Organization\",\"@id\":\"https:\/\/stockmusik.com.co\/#organization\",\"name\":\"Stock Musik\",\"url\":\"https:\/\/stockmusik.com.co\/\",\"logo\":{\"@type\":\"ImageObject\",\"inLanguage\":\"es\",\"@id\":\"https:\/\/stockmusik.com.co\/#\/schema\/logo\/image\/\",\"url\":\"https:\/\/stockmusik.com.co\/wp-content\/uploads\/2020\/08\/cropped-logo_stock_musik.png\",\"contentUrl\":\"https:\/\/stockmusik.com.co\/wp-content\/uploads\/2020\/08\/cropped-logo_stock_musik.png\",\"width\":455,\"height\":173,\"caption\":\"Stock Musik\"},\"image\":{\"@id\":\"https:\/\/stockmusik.com.co\/#\/schema\/logo\/image\/\"},\"sameAs\":[\"https:\/\/es-la.facebook.com\/stockmusik\/\"]}]}<\/script>\n<meta property=\"product:price:amount\" content=\"1068000\" \/>\n<meta property=\"product:price:currency\" content=\"COP\" \/>\n<meta property=\"og:availability\" content=\"instock\" \/>\n<meta property=\"product:availability\" content=\"instock\" \/>\n<meta property=\"product:retailer_item_id\" content=\"617\" \/>\n<meta property=\"product:condition\" content=\"new\" \/>\n<!-- \/ Yoast SEO plugin. -->","yoast_head_json":{"title":"GUITARRA ELECTRICA YAMAHA PAC012 - Stock Musik","robots":{"index":"index","follow":"follow","max-snippet":"max-snippet:-1","max-image-preview":"max-image-preview:large","max-video-preview":"max-video-preview:-1"},"canonical":"https:\/\/stockmusik.com.co\/index.php\/producto\/guitarra-electrica-yamaha-pac012\/","og_locale":"es_ES","og_type":"article","og_title":"GUITARRA ELECTRICA YAMAHA PAC012 - Stock Musik","og_description":"La Yamaha PACIFICA 012 es un nuevo modelo para principiantes que ofrece una amplia gama de funciones con componentes artesanales de primer nivel y un timbre \u00fanico, superando con creces las expectativas considerando su ajustado precio. La Yamaha PACIFICA 012 goza de una merecida reputaci\u00f3n por su excelente tono y notable facilidad de interpretaci\u00f3n. La serie Pacifica incorpora cuerpos sinuosos, dise\u00f1os de m\u00e1stil atornillado, vibratos retro y selector de cinco posiciones para la configuraci\u00f3n de pastillas H-S-S (doble-simple-simple).","og_url":"https:\/\/stockmusik.com.co\/index.php\/producto\/guitarra-electrica-yamaha-pac012\/","og_site_name":"Stock Musik","article_publisher":"https:\/\/es-la.facebook.com\/stockmusik\/","article_modified_time":"2022-11-11T22:26:44+00:00","og_image":[{"width":1024,"height":1024,"url":"https:\/\/stockmusik.com.co\/wp-content\/uploads\/2020\/10\/GUITARRA-ELECTRICA-YAMAHA-PAC012-AZUL.png","type":"image\/png"}],"twitter_card":"summary_large_image","twitter_misc":{"Precio":"Cotiza por Whatsapp","Availability":"In stock"},"schema":{"@context":"https:\/\/schema.org","@graph":[{"@type":"WebPage","@id":"https:\/\/stockmusik.com.co\/index.php\/producto\/guitarra-electrica-yamaha-pac012\/","url":"https:\/\/stockmusik.com.co\/index.php\/producto\/guitarra-electrica-yamaha-pac012\/","name":"GUITARRA ELECTRICA YAMAHA PAC012 - Stock Musik","isPartOf":{"@id":"https:\/\/stockmusik.com.co\/#website"},"datePublished":"2020-09-16T22:45:40+00:00","dateModified":"2022-11-11T22:26:44+00:00","breadcrumb":{"@id":"https:\/\/stockmusik.com.co\/index.php\/producto\/guitarra-electrica-yamaha-pac012\/#breadcrumb"},"inLanguage":"es","potentialAction":[{"@type":"ReadAction","target":["https:\/\/stockmusik.com.co\/index.php\/producto\/guitarra-electrica-yamaha-pac012\/"]}]},{"@type":"BreadcrumbList","@id":"https:\/\/stockmusik.com.co\/index.php\/producto\/guitarra-electrica-yamaha-pac012\/#breadcrumb","itemListElement":[{"@type":"ListItem","position":1,"name":"Portada","item":"https:\/\/stockmusik.com.co\/"},{"@type":"ListItem","position":2,"name":"Tienda StockMusik","item":"https:\/\/stockmusik.com.co\/index.php\/tienda-stockmusik\/"},{"@type":"ListItem","position":3,"name":"GUITARRA ELECTRICA YAMAHA PAC012"}]},{"@type":"WebSite","@id":"https:\/\/stockmusik.com.co\/#website","url":"https:\/\/stockmusik.com.co\/","name":"Stock Musik","description":"Tienda de Instrumentos Musicales","publisher":{"@id":"https:\/\/stockmusik.com.co\/#organization"},"potentialAction":[{"@type":"SearchAction","target":{"@type":"EntryPoint","urlTemplate":"https:\/\/stockmusik.com.co\/?s={search_term_string}"},"query-input":"required name=search_term_string"}],"inLanguage":"es"},{"@type":"Organization","@id":"https:\/\/stockmusik.com.co\/#organization","name":"Stock Musik","url":"https:\/\/stockmusik.com.co\/","logo":{"@type":"ImageObject","inLanguage":"es","@id":"https:\/\/stockmusik.com.co\/#\/schema\/logo\/image\/","url":"https:\/\/stockmusik.com.co\/wp-content\/uploads\/2020\/08\/cropped-logo_stock_musik.png","contentUrl":"https:\/\/stockmusik.com.co\/wp-content\/uploads\/2020\/08\/cropped-logo_stock_musik.png","width":455,"height":173,"caption":"Stock Musik"},"image":{"@id":"https:\/\/stockmusik.com.co\/#\/schema\/logo\/image\/"},"sameAs":["https:\/\/es-la.facebook.com\/stockmusik\/"]}]},"product_price_amount":"1068000","product_price_currency":"COP","og_availability":"instock","product_availability":"instock","product_retailer_item_id":"617","product_condition":"new"},"brands":[{"id":97,"name":"YAMAHA","slug":"yamaha"}],"_links":{"self":[{"href":"https:\/\/stockmusik.com.co\/index.php\/wp-json\/wp\/v2\/product\/2344","targetHints":{"allow":["GET"]}}],"collection":[{"href":"https:\/\/stockmusik.com.co\/index.php\/wp-json\/wp\/v2\/product"}],"about":[{"href":"https:\/\/stockmusik.com.co\/index.php\/wp-json\/wp\/v2\/types\/product"}],"replies":[{"embeddable":true,"href":"https:\/\/stockmusik.com.co\/index.php\/wp-json\/wp\/v2\/comments?post=2344"}],"wp:featuredmedia":[{"embeddable":true,"href":"https:\/\/stockmusik.com.co\/index.php\/wp-json\/wp\/v2\/media\/4157"}],"wp:attachment":[{"href":"https:\/\/stockmusik.com.co\/index.php\/wp-json\/wp\/v2\/media?parent=2344"}],"wp:term":[{"taxonomy":"pwb-brand","embeddable":true,"href":"https:\/\/stockmusik.com.co\/index.php\/wp-json\/wp\/v2\/pwb-brand?post=2344"},{"taxonomy":"product_brand","embeddable":true,"href":"https:\/\/stockmusik.com.co\/index.php\/wp-json\/wp\/v2\/product_brand?post=2344"},{"taxonomy":"product_cat","embeddable":true,"href":"https:\/\/stockmusik.com.co\/index.php\/wp-json\/wp\/v2\/product_cat?post=2344"},{"taxonomy":"product_tag","embeddable":true,"href":"https:\/\/stockmusik.com.co\/index.php\/wp-json\/wp\/v2\/product_tag?post=2344"}],"curies":[{"name":"wp","href":"https:\/\/api.w.org\/{rel}","templated":true}]}}